) to base 11
201
What is 32b4 (base 12) in base 2?
1010111101000
10949 (base 10) to base 12
6405
What is -10021 (base 3) in base 11?
-80
What is 5524 (base 6) in base 4?
103330
321321 (base 4) to base 15
1170
-709b (base 16) to base 7
-150021
What is 5cc (base 13) in base 10?
1013
Convert 103101 (base 5) to base 7.
13165
Convert -1010001010011011 (base 2) to base 8.
-121233
355 (base 10) to base 6
1351
-5d22 (base 15) to base 4
-10311320
What is -124242 (base 6) in base 14?
-41b4
Convert -352 (base 11) to base 14.
-220
What is 2946 (base 13) in base 8?
13525
Convert -311320 (base 6) to base 12.
-12540
Convert 1001020 (base 3) to base 8.
1372
5e8 (base 16) to base 4
113220
Convert -2344 (base 5) to base 15.
-184
21001120 (base 3) to base 11
3958
Convert 836 (base 10) to base 3.
1010222
What is 205240 (base 6) in base 12?
9820
Convert -a8 (base 16) to base 4.
-2220
814 (base 11) to base 16
3d7
What is -2001330 (base 4) in base 11?
-6280
-2ba0 (base 14) to base 6
-100012
-21207 (base 10) to base 3
-1002002110
What is 110142 (base 6) in base 15?
2a8e
1b68 (base 12) to base 14
1344
-a8c (base 15) to base 5
-34012
Convert -678 (base 9) to base 6.
-2325
-1470 (base 11) to base 2
-11101100100
Convert 10d (base 15) to base 6.
1034
Convert -1123301 (base 4) to base 8.
-13361
Convert -144403 (base 6) to base 9.
-21143
Convert 2246 (base 8) to base 6.
5302
Convert 1053 (base 7) to base 16.
17d
Convert 24986 (base 11) to base 6.
433405
What is 10000110 (base 2) in base 9?
158
320 (base 14) to base 11
510
Convert 14313 (base 6) to base 7.
6432
2121012011 (base 3) to base 7
302116
What is 5d (base 16) in base 6?
233
What is -22320113 (base 4) in base 6?
-542155
-402424 (base 6) to base 10
-31696
-273 (base 10) to base 2
-100010001
-124522 (base 6) to base 12
-6742
3371 (base 13) to base 8
16026
What is 22298 (base 12) in base 8?
130424
Convert 1514 (base 6) to base 2.
110010110
-9c3 (base 16) to base 7
-10200
-21012 (base 3) to base 16
-c2
224 (base 9) to base 4
2320
Convert -2c1 (base 15) to base 12.
-447
What is -202c (base 15) in base 14?
-2692
Convert 140 (base 14) to base 8.
374
bfc (base 16) to base 2
101111111100
What is -103215 (base 6) in base 15?
-27c2
Convert -223222 (base 4) to base 13.
-136c
Convert 33 (base 14) to base 9.
50
Convert 455 (base 9) to base 5.
2444
Convert -3174 (base 8) to base 7.
-4561
What is -10100100011 (base 2) in base 12?
-917
-1297 (base 16) to base 8
-11227
Convert 732 (base 9) to base 10.
596
-34121 (base 5) to base 13
-1136
-31d (base 14) to base 13
-384
What is 3b5 (base 13) in base 11?
546
What is -34e (base 16) in base 7?
-2316
-22425 (base 7) to base 10
-5703
-a8c (base 13) to base 11
-13a2
11104 (base 6) to base 14
7cc
What is 4245 (base 7) in base 10?
1503
Convert 212100021 (base 3) to base 12.
9a21
What is -9ab (base 13) in base 15?
-75c
Convert 12712 (base 8) to base 16.
15ca
What is 4ec (base 16) in base 8?
2354
228 (base 16) to base 15
26c
Convert -323 (base 4) to base 8.
-73
What is 102300213 (base 4) in base 2?
10010110000100111
What is 253 (base 11) in base 2?
100101100
-30455 (base 6) to base 10
-4067
10230310 (base 4) to base 7
110062
What is -1 (base 4) in base 11?
-1
What is -52214 (base 7) in base 5?
-402200
1234344 (base 5) to base 10
24349
-37b (base 14) to base 11
-584
What is 1002201020 (base 3) in base 10?
21660
What is 1413 (base 7) in base 3?
202100
3239 (base 14) to base 13
3c44
Convert 131300 (base 6) to base 3.
121110000
Convert -200000 (base 3) to base 13.
-2b5
Convert 2be9 (base 15) to base 10.
9444
Convert -186 (base 11) to base 9.
-258
Convert -2744 (base 8) to base 5.
-22013
Convert 210010100 (base 3) to base 4.
3300213
-1250 (base 13) to base 15
-b85
-713 (base 16) to base 7
-5165
Convert -40122 (base 6) to base 9.
-7155
310 (base 7) to base 5
1104
What is -153636 (base 7) in base 12?
-15556
What is -5a2 (base 13) in base 11?
-809
21ab (base 16) to base 5
233434
-107 (base 10) to base 14
-79
13254 (base 8) to base 14
2188
Convert -2554 (base 8) to base 13.
-82a
What is -51 (base 15) in base 16?
-4c
137575 (base 8) to base 16
bf7d
Convert 10232 (base 4) to base 9.
365
Convert 266001 (base 7) to base 10.
50079
What is 1323013 (base 4) in base 6?
100251
3db (base 15) to base 9
1178
What is 3c8 (base 14) in base 12?
538
-1131 (base 4) to base 2
-1011101
Convert 623 (base 10) to base 4.
21233
-352 (base 11) to base 5
-3140
What is -104 (base 16) in base 4?
-10010
What is 30276 (base 8) in base 5?
344403
What is -e812 (base 15) in base 5?
-3032232
-134651 (base 7) to base 8
-62160
-101000101001 (base 2) to base 5
-40401
Convert 1101100 (base 3) to base 7.
2640
-18a (base 12) to base 9
-307
-612 (base 9) to base 14
-277
What is 1331422 (base 5) in base 9?
41164
Convert -1e11 (base 15) to base 6.
-50141
What is 252 (base 8) in base 7?
332
13334 (base 9) to base 7
35206
Convert 45 (base 12) to base 8.
65
3289 (base 10) to base 8
6331
What is -31060 (base 7) in base 4?
-1312210
Convert -132300 (base 6) to base 4.
-2332230
-8d8 (base 14) to base 3
-2102010
Convert -37710 (base 8) to base 4.
-3333020
1029 (base 15) to base 11
2624
What is 8085 (base 9) in base 7?
23141
What is 102221010 (base 3) in base 16?
21f9
What is -45 (base 11) in base 13?
-3a
37b (base 12) to base 4
20033
Convert 1322210 (base 4) to base 2.
1111010100100
What is 10122120010 (base 3) in base 8?
214252
Convert -23150 (base 10) to base 9.
-34672
Convert -43145 (base 6) to base 3.
-22002102
What is 13868 (base 13) in base 3?
1212012012
Convert -a0b (base 16) to base 12.
-15a3
Convert 13225 (base 6) to base 15.
908
Convert 143332 (base 6) to base 12.
7b48
What is 6083 (base 13) in base 6?
141305
What is -6012 (base 13) in base 6?
-141033
2001211 (base 3) to base 6
10551
24423 (base 5) to base 7
5301
Convert 2010002 (base 3) to base 12.
a85
-112 (base 11) to base 3
-11222
1010101101011110 (base 2) to base 4
22231132
44a (base 11) to base 13
325
Convert -9450 (base 12) to base 14.
-5c84
What is 653 (base 13) in base 2?
10000111010
Convert -5440 (base 6) to base 4.
-103200
233304 (base 5) to base 12
4b6b
7bb (base 13) to base 3
1211112
Convert 11123331 (base 4) to base 12.
10a79
Convert -4023 (base 6) to base 12.
-613
15a (base 16) to base 14
1aa
Convert 684 (base 9) to base 4.
20302
What is -737 (base 8) in base 15?
-21e
What is 2100021 (base 3) in base 15?
78d
Convert -122212121 (base 3) to base 5.
-404110
Convert -542 (base 11) to base 2.
-1010001011
4021 (base 5) to base 16
1ff
11301 (base 4) to base 15
199
-a3b (base 15) to base 4
-210002
What is 6215 (base 11) in base 7?
33015
Convert 101101100000 (base 2) to base 11.
2208
-405 (base 6) to base 8
-225
What is 5003 (base 9) in base 14?
1488
-58 (base 16) to base 10
-88
What is 1001202 (base 3) in base 9?
1052
What is -51223 (base 7) in base 3?
-122002121
What is -22542 (base 7) in base 10?
-5763
What is 751 (base 10) in base 3?
1000211
What is 3ac (base 15) in base 7?
2304
480 (base 9) to base 16
18c
-559 (base 13) to base 6
-4131
22110300 (base 4) to base 5
2323123
50 (base 8) to base 2
101000
Convert 10005 (base 13) to base 5.
1403231
11020000 (base 3) to base 10
3078
-187b2 (base 13) to base 3
-2102002222
Convert -383 (base 11) to base 6.
-2034
Convert 11306 (base 7) to base 12.
1815
What is -52252 (base 6) in base 5?
-211031
What is 321223 (base 6) in base 13?
bc22
3c2 (base 14) to base 3
1001002
What is 1c0 (base 13) in base 8?
505
What is 2572 (base 13) in base 15?
18a7
What is 481 (base 12) in base 4?
22201
Convert 244515 (base 7) to base 6.
543343
Convert 22120 (base 3) to base 9.
276
What is -10515 (base 6) in base 5?
-21422
221220 (base 3) to base 13
41a
Convert 23 (base 12) to base 14.
1d
Convert -447 (base 13) to base 15.
-340
Convert -734 (base 15) to base 6.
-11304
Convert -39569 (base 11) to base 14.
-16898
Convert -4211 (base 6) to base 9.
-1257
-6ccf (base 16) to base 4
-12303033
Convert -112011 (base 4) to base 12.
-999
-2275 (base 12) to base 13
-198b
Convert 103320 (base 4) to base 12.
8a0
121112 (base 3) to base 16
1be
What is 269 (base 16) in base 3?
211212
Convert 7e3f (base 16) to base 5.
2013234
110001101101000 (base 2) to base 7
134123
101100111111000 (base 2) to base 15
6c57
Convert -179 (base 11) to base 6.
-543
Convert -647 (base 11) to base 3.
